pose 0 = -f*m + 2*m + 42. Let l = 45 - m. What is the tens digit of l?
3
Let u = 297 - 291. Suppose 3*p + u*p = 3537. What is the units digit of p?
3
Suppose -11693*p + 11700*p - 295711 = 15117. What is the ten thousands digit of p?
4
Let w(f) = -59*f + 49. Let s be -12 + 3 + (1 - (5 - 6)). What is the hundreds digit of w(s)?
4
Let c be 3*5/5 - 649. Let b = c + 1377. What is the tens digit of b?
3
Let s = -7790 + 16927. What is the units digit of s?
7
Suppose 4*a + 12 - 32 = 0. Suppose -4*s = -b - 0*s - a, 0 = -b + 5*s - 7. What is the units digit of b?
3
Suppose 92*p - 390779 - 4718884 + 926699 = 0. What is the ten thousands digit of p?
4
Let k = 83 - 79. Suppose -k*o + 3*o - 495 = -g, g + 2*o = 507. What is the tens digit of g?
9
Let c be (298/(-5))/((-10)/750). Suppose -4*x + c = 1566. What is the tens digit of x?
2
Suppose 4*y - 12384 = -4*o, -9*o - 2*y = -13*o + 12372. What is the tens digit of o?
9
Let p(m) = -m**3 + 19*m**2 - 16*m + 39. Let i be p(18). Suppose -i - 1577 = -7*u. What is the tens digit of u?
3
Suppose 93 + 415 = -4*m. Let l = 100 + m. Let x = l + 167. What is the tens digit of x?
4
Suppose -8 = -c - 3*c. Suppose 0*b = 5*f - b - 22, c*f - 14 = 3*b. Suppose -3*i = -2*h + 86, 5*h + f*i + i - 165 = 0. What is the units digit of h?
7
Let p be ((-32)/(-18) + -2)/((-2)/18). Let v(k) = 58*k**3 + k**2 + 4*k - 6. What is the units digit of v(p)?
0
Suppose -10*c + s - 15223 = -44378, 2*s = -c + 2905. What is the hundreds digit of c?
9
Suppose -k = -26*k + 247106 + 93994. What is the tens digit of k?
4
Let q(l) = l**3 - 5*l**2 - 8. Let f be q(6). Let v be f/(-2)*(-3 - 19/(-7)). Suppose -n - 5*c + 8 = 2*n, -v*n - 2*c = -20. What is the units digit of n?
6
Let z(g) = -5*g**3 + 7*g**2 + 61*g - 5. Suppose -54 = -126*h + 135*h. What is the hundreds digit of z(h)?
9
Suppose 3*g + 292450 = 5*w, 0 = -325*w + 321*w + 5*g + 233947. What is the ten thousands digit of w?
5
Let u(z) = -13171*z - 1690. What is the hundreds digit of u(-2)?
6
Let t(z) = -z**3 - 6*z**2 + 7*z + 4. Let l be t(-7). Let i(g) = 7*g**3 - 2*g**2 - 9*g + 6. What is the hundreds digit of i(l)?
3
Let j = 182 - 260. Let a = j - -80. Suppose -5*t + 5*w = -422 + 27, -a*t + 158 = w. What is the units digit of t?
9
Let i = 1117 - -10397. What is the ten thousands digit of i?
1
What is the hundreds digit of -3*(-105)/(-3)*(-4029)/153?
7
Suppose -5*j - j = -30. Suppose 0 = 8*m - j - 27. Suppose 86 = m*z - 34. What is the tens digit of z?
3
Suppose -5*u - 3 = -2*s + 13, 4*u = -2*s - 2. Suppose 13*f + 1566 = 22*f. Suppose -4*i + f = -y + 3*y, -s*i = y - 85. What is the units digit of y?
1
Suppose -196*t - 20700 = -205*t. What is the units digit of t?
0
Suppose 5*s = -32 - 13, 2*b + 5*s = 132213. What is the hundreds digit of b?
1
Let v be 857 + 4 + (6 - 0). Suppose -17*c + 4029 = -v. What is the tens digit of c?
8
Let q(c) = -390*c - 1691. What is the units digit of q(-45)?
9
Let a be ((-24)/20)/(-2) - (-166)/(-10). What is the tens digit of (-1624)/a + (0 - 6/4)?
0
Suppose -4800 = 12*g + 720. Let l = 797 + g. What is the tens digit of l?
3
Suppose z - n - 3960 = 0, 3998 = 5*z + 5*n - 15772. What is the units digit of z?
7
Suppose -16*f + 843 = -7653. Let z = f - 364. What is the units digit of z?
7
Suppose 23*b - 5960 = 18*b. Suppose 0 = 3*i + 5*i + b. Let d = i + 214. What is the units digit of d?
5
Let l = -7 - 2. Let n(s) be the second derivative of s**4/12 - 4*s**3/3 - 17*s**2/2 + 691*s. What is the tens digit of n(l)?
3
Let r = 17 + 4. Suppose -20*l = -r*l + 129. What is the hundreds digit of l?
1
Let v = 13405 + 9261. What is the hundreds digit of v?
6
Let n(w) = -w**2 + 10*w - 25. Let f be n(6). Let b = 30 - 53. What is the hundreds digit of (f + -4)/1*b?
1
Let i = 480 - 490. Suppose -3*b = b - 456. Let f = b + i. What is the units digit of f?
4
Let n = -19 + 51. Let a = 63 + n. Suppose -2*p + 7*p = a. What is the units digit of p?
9
Let t(w) = -50*w - 119. Let c(l) = 145*l + 358. Let v(n) = -6*c(n) - 17*t(n). What is the units digit of v(-27)?
5
Let h = 24 - 20. Suppose -101 = -h*f - 25. Let p = 49 - f. What is the tens digit of p?
3
Let r = 29665 + -12141. What is the hundreds digit of r?
5
Suppose 0 = 4*c, 4*z - 6290 = 9*z + 2*c. Let p = -730 - z. What is the units digit of p?
8
Suppose 60*j + 1407 = h + 62*j, 2790 = 2*h - 4*j. What is the units digit of h?
1
Suppose -l = 5*s - 9417, 5*s - 9423 = -224*l + 220*l. What is the units digit of s?
3
Suppose -51*y = -1479506 - 259900. What is the units digit of y?
6
Suppose -4*m - 5*s = -33, -m - 3*s + 19 = m. What is the hundreds digit of (-17561)/(-34) + m/4 - -4?
5
Let s(f) = -2*f**2 - 6*f + 15. Let q be s(-7). Let k = q - -45. Suppose 0*n = 3*n - 4*c - 234, 86 = n - k*c. What is the tens digit of n?
7
Let m be (-1 - 49/(-9)) + (-244)/549. Suppose -8 = m*c, -3*p + 162 = 5*c - 38. What is the tens digit of p?
7
Let m(k) = 9 - 30*k**2 + 4*k + 9 - 40*k**2. Let n be m(-3). What is the hundreds digit of n/(-5) + (3 - 42/15)?
1
Let c = -272 + -162. Let q = 482 + c. What is the tens digit of q?
4
Let u(g) = -g**2 - 33*g - 262. Let l be u(-13). What is the thousands digit of l*(-7 + 12)*(-403)/2?
2
Let t be 2/(-1) - (3 + -172). Suppose 8 = z - t. What is the units digit of z?
5
Suppose 3*o - 3*w = 6, -6*o + 8*o - 5*w - 1 = 0. Let q = 1227 - 195. Suppose q = o*d + 5*d. What is the units digit of d?
9
Let c = 2930 - -6354. What is the tens digit of c?
8
Let t(y) = 9*y + 29. Let l be (-1)/(1/2) - (-2 - 6). Suppose -2*o = -l - 8. What is the tens digit of t(o)?
9
Suppose 100849 = 23*h - 29915 + 8358. What is the tens digit of h?
2
Let i(u) = 17*u**2 - 936*u + 66. What is the tens digit of i(66)?
4
Let t = 345 - 267. Suppose -3*k = 2*n - 317 + t, n + 3*k = 118. What is the units digit of n?
1
Suppose -3*o - 5*x = 565 - 159, -5*o = x + 640. Suppose 6*q + 167 + 85 = 0. Let j = q - o. What is the tens digit of j?
8
Suppose 5*c - 18445 = -4*g, -c + 225 = 224. What is the hundreds digit of g?
6
Let l be ((-45294)/(-9) - -2) + 40/(-60). Suppose 0 = -19*x + 22*x - l. What is the thousands digit of x?
1
Suppose 0 = -9*v + 5*v + 24. Let b be (-9)/6 - (-1755)/v. Suppose b = 3*a + 3*p, -4*a - 5*p - 133 + 524 = 0. What is the tens digit of a?
9
Let u(r) be the third derivative of r**5/30 + r**4/6 + r**3/2 - 14*r**2. Let c be u(-2). What is the units digit of (-344)/(-7) + 2 - c/21?
1
Let d be 2/(-3)*(-33 + 27). Suppose d*o = 2*l - 280, -14*l - 5*o = -11*l - 453. What is the units digit of l?
6
Let c = 76 + -60. Suppose 5*v - c*v = -121. Suppose 0 = -v*o + 12*o - 87. What is the tens digit of o?
8
Suppose -43*b + 38*b + 159043 = -2*w, w + 95427 = 3*b. What is the thousands digit of b?
1
What is the units digit of (4 + -47022)*(2/(-6))/((-8)/(-24))?
8
Let b be (1 - 440)/(19/(-76)). Suppose 3*j + 371 = 3*q + 2141, -b = -3*j - 4*q. What is the hundreds digit of j?
5
Let a be (1 - (-22)/6)/(76/342). Suppose l - a = -23. What is the units digit of 56/20*(-5)/l?
7
Suppose 2*g = -2*t + 25784, -21049 + 8159 = -t - 2*g. What is the ten thousands digit of t?
1
Let v be (((-21)/84)/(2/(-8)))/1. Let o = -12 - -91. Suppose r + 3*h - o = 0, -h = 5 - v. What is the tens digit of r?
9
Let x(w) = 3*w**2 + w - 3. Let m be x(2). Let z = m + 140. Suppose 3*j - z = -0*j - 5*p, 0 = -j + 5*p + 77. What is the units digit of j?
7
What is the units digit of 1447509/735 - (-4)/(-10)?
9
Suppose q + 5 = 2*q. Suppose 2*v + 12 = 8*v. Suppose q*n + x - 267 = 2*x, v*n - x = 108. What is the tens digit of n?
5
Let c(h) = -h + 1. Let p be c(-4). Suppose p*z - 35 = 5*b, -4*b + 5 - 17 = 4*z. Suppose -4*y + 6*g - 2*g + 940 = 0, g - z = 0. What is the hundreds digit of y?
2
Suppose b - 16100 = 4*i, 80434 = 5*b - 66*i + 68*i. What is the thousands digit of b?
6
Suppose 0*r = 2*r - 6. Suppose r*a - 181 = a + o, a = -5*o + 63. What is the tens digit of a?
8
Suppose 253566 = -7*b + 23*b - 7*b. What is the ten thousands digit of b?
2
Let h = 46 + -45. Let z(r) = 411*r - 3. Let k be z(h). Suppose -v - k = -5*a, 2*a - 5*v + 92 = 3*a. What is the units digit of a?
2
Suppose -104*y + 102906 = -257662. What is the thousands digit of y?
3
Suppose 68*h = -2*b + 72*h + 7966, -b + 3971 = h. What is the tens digit of b?
7
Let r(w) = 9*w**2 - 325*w - 91. What is the units digit of r(59)?
3
Let g = -429